 19
Let p(f) = 3*f**3 - f**2 + 4*f - 5. Let a be p(2). Suppose a*r = 21*r + 6. List the prime factors of r.
3
Suppose 0 = 9*y + y - 40. List the prime factors of 9 + (y/5)/((-4)/(-10)).
11
Suppose 2*q - 3*q - b + 453 = 0, q - 438 = 2*b. What are the prime factors of q?
2, 7
Let v(m) = 1041*m**2 + 5*m. What are the prime factors of v(-1)?
2, 7, 37
Suppose -2492 = -3*r + 3*x + 5548, 5*x - 2710 = -r. What are the prime factors of r?
3, 5, 179
Let o = -539 - -1555. List the prime factors of o.
2, 127
Let x = 19 + 28. Let h = x - 8. What are the prime factors of h?
3, 13
List the prime factors of (-19 + 22)*1*259.
3, 7, 37
Let o = -11 + 15. Suppose -r - 8 = -43. Suppose o*j - r = -j. What are the prime factors of j?
7
List the prime factors of (-7 - -4)/(-3) - (0 - 573).
2, 7, 41
Let h(p) = p**3 + 17*p**2 + 17*p + 16. Let a be h(-16). Suppose a*c = -10*c + 2560. What are the prime factors of c?
2
Let q = 90 - -64. Suppose -7*x + 462 = -q. What are the prime factors of x?
2, 11
Let x(t) = 6*t - 65. Let z be x(12). What are the prime factors of (((-84)/(-3))/z)/(4/46)?
2, 23
Let i(c) = -6*c**3 - c**2 + c + 1. Let j be i(-1). Let o be j*((-23)/(-5) + -1). List the prime factors of o/(-24) + (-91)/(-4).
2, 11
Suppose 2*w + 665 = 5*y, 0 = y - 3*y + w + 266. List the prime factors of y.
7, 19
Let o = -29 + 3. Let q = -17 - o. Suppose -q = -a + 17. List the prime factors of a.
2, 13
Let z be 42/70 - 263/5. List the prime factors of (-1 - 0)/(4/z).
13
Suppose -9*f = -9184 - 23. List the prime factors of f.
3, 11, 31
Let c(i) = i**3 + i**2 + 2*i - 2. Suppose -4*j = -0*a - 2*a, 5*a = 5*j + 10. Let u be c(j). What are the prime factors of (-4)/u + (-149)/(-7)?
3, 7
Let l(f) = 5*f - 6*f - 6 + 2*f**2 + 0 + 8*f. Let b be -3 + (2 - 1)/((-5)/15). What are the prime factors of l(b)?
2, 3
Let l be -1 + (4 - 0) + -8. Let a(w) = w**3 - 7*w**2 - 7*w. Let p be a(8). Let m = p - l. List the prime factors of m.
13
Let j(l) = 3*l**2 - 3*l. Let r be j(3). Suppose -r = y - 3*y. Suppose -8*a - 5 = -y*a. What are the prime factors of a?
5
Let t = 19 + -17. Suppose -t*u - 773 = 3*u - 2*y, -149 = u + y. What are the prime factors of -1*1/(3/u)?
3, 17
Suppose a = -36 - 9. Let u = a + 95. List the prime factors of u.
2, 5
Let k be ((-2)/4)/(8/(-160)). Suppose 9*u - 4*u = k. Suppose 4 = -u*v + 12, -4*v - 20 = -3*a. List the prime factors of a.
2, 3
Let r = 15 - 9. Let n = r - 3. What are the prime factors of n/12 - 78/(-8)?
2, 5
Let a(h) = -8*h + 8. Let r be a(1). List the prime factors of 39*(-4 + (r - -5)).
3, 13
Let b(y) = 3*y**3 - 17*y**2 - 6*y. Let m be b(6). Suppose m = 6*v - 23 - 13. What are the prime factors of v?
2, 3
Let m = -10 - -28. Let x be (-1 - 1)*(1 - 31/2). Let s = x - m. List the prime factors of s.
11
Let k = 3 + 0. What are the prime factors of (-7 + 4)/((-1)/k)?
3
Let a be (-15)/((-12)/4)*(-117)/(-5). What are the prime factors of a - (-1 + 3) - 3/(-3)?
2, 29
Suppose 0 = -i - 2*i - a + 3089, i + 5*a = 1025. List the prime factors of i.
2, 5, 103
What are the prime factors of 696/2*2/6?
2, 29
Let d be (-891)/9*(-1 + 0). Suppose -p + 2*w + 39 = 0, -5*w + d = 4*p - 122. List the prime factors of p.
7
Let a = 65 - 61. Suppose a*z + 4*m - 216 = 0, -2*z - 3*m = 3*z - 274. What are the prime factors of z?
2, 7
Let s = 11 + -18. Let v be s/(-6) + 2/(-12). Suppose -g - 5*r + v - 2 = 0, -2*r - 27 = -g. List the prime factors of g.
19
Suppose 40512 = 11*j + 2496. What are the prime factors of j?
2, 3
Suppose 6*x = 555 + 495. Suppose 6*y - x = y + 5*m, -4*y + 2*m + 142 = 0. List the prime factors of y.
2, 3
Let x be (-470)/6*(-5 - 3 - -5). Let c = -92 + x. List the prime factors of c.
11, 13
Let a = -238 - -247. Suppose -6*l + 465 = -l. Suppose -a*k + 12*k = l. List the prime factors of k.
31
Suppose 6 = -w + 1, 3*r - 2*w - 19 = 0. Suppose -r*f = 12, -3*f + 224 = 3*q - 5*f. What are the prime factors of q?
2, 3
Let h be (1 - (-12)/(-8))*-14. Let w(x) = -x - h*x**2 + 3*x - 2 + x**3 + 0*x + 0*x. What are the prime factors of w(7)?
2, 3
Let g be (-10)/((1230/(-207))/2 - -3). Let a = g + 505. What are the prime factors of a?
2, 5
Suppose 5*v = 3*v - 370. Let h = -95 - v. What are the prime factors of h?
2, 3, 5
Let q be -6 - -19 - (-2 - 0). List the prime factors of 1345/q - 1/(-3).
2, 3, 5
Suppose 6 = -2*k + 14. Suppose 5*b - 267 = k*c + 431, b - 130 = -4*c. List the prime factors of b.
2, 3, 23
Let u be (0 - 1/(-2)*4) + -2. Suppose u = 6*c + 6*c - 168. List the prime factors of c.
2, 7
What are the prime factors of 4 + ((-6)/21 - (-18095)/49)?
373
Suppose -5*w - u - 91 = 2*u, 0 = 2*w + 4*u + 28. Let p = -69 + 41. Let k = w - p. What are the prime factors of k?
2
Let h(a) = 2*a**2 - 175. What are the prime factors of h(-24)?
977
Let q be 30/9 + 2/(-6). Let k(g) = -5*g**2 - 10*g - 7. Let o(w) = 4*w**2 + 9*w + 6. Let b(l) = 5*k(l) + 6*o(l). List the prime factors of b(q).
2
Let n(a) = 11*a. Let c be n(7). Let x = -30 + c. List the prime factors of x.
47
Let m(l) = l + 5. Let a be m(-4). Let p = a + -7. List the prime factors of p/7*(-189)/9.
2, 3
What are the prime factors of (-12 - 219)*30/(-7)?
2, 3, 5, 11
Let o(v) = v + 19. Let d = -5 + 8. Suppose 2*w = 4*n - 3*w, -d*n = -5*w. List the prime factors of o(n).
19
Let c be (-2)/(-3) + (7080/18)/10. Let i = c - -59. What are the prime factors of i?
3, 11
Suppose 61 = 3*w - 143. Suppose -2*o - 2*v = -214, 3*o - 5*v - 291 = -2*v. Let u = o - w. List the prime factors of u.
2, 17
List the prime factors of (2*-1)/(6 - 11315/1885).
2, 13, 29
Let a = 167 - 70. Let v = a - -63. List the prime factors of v.
2, 5
Let v be (2/(-5))/(10/(-25)). Let l(k) = k**2 - 2*k + 1. Let a be l(v). Suppose 5*x - x - 108 = a. List the prime factors of x.
3
Let p(s) = -4*s**3 + 93*s**2 - 15*s + 36. What are the prime factors of p(23)?
2, 5, 11
Let x(h) be the first derivative of -h**3/3 + 3*h**2 - 7*h - 1. Let c be x(3). Suppose c*q = r - 0*r + 6, -q + 3*r = -3. What are the prime factors of q?
3
Suppose -r + 8 - 5 = 0. What are the prime factors of 24/r*(5 + 1)?
2, 3
Let h = -510 - -751. Let k = -125 + h. What are the prime factors of k?
2, 29
Suppose 2*l = -7*k + 2*k + 302, -2*l = -2*k + 132. Let f = k - 5. List the prime factors of f.
3, 19
Let z(j) = 146*j**2 - 35*j - 114. What are the prime factors of z(-4)?
2, 1181
Let f = -15 + 119. What are the prime factors of f?
2, 13
Let b be -5*9/3*-1. Let o = -11 + b. Suppose -o*j + w = -j - 50, 3*j + w = 40. What are the prime factors of j?
3, 5
Let p(m) = 2*m + 24. Let c be p(-13). What are the prime factors of (c - 1)*-1*173/3?
173
Let j(x) = x**3 + x**2 - 9*x + 10. Let f be j(7). Let b = -228 + f. Suppose -4*y + 49 - 12 = k, 3*k = 5*y + b. What are the prime factors of k?
37
Let b(d) = -4*d**2 - 16*d + 27. Let r(l) = l**2 - l - 1. Let g(a) = b(a) + 3*r(a). List the prime factors of g(-20).
2
Suppose 5 = -5*l + 4*o, 3*o = 4*l - l + 6. Suppose l*v - 240 = -0*v. Suppose -6*x = -x - v. What are the prime factors of x?
2
Let a be ((-159)/(-12))/(1/4). Let k = a + -32. What are the prime factors of k?
3, 7
Let n(g) = -35*g**3 + 6*g**2 - 5. List the prime factors of n(-2).
13, 23
Suppose -n - 4*t + 16 = -0*n, 5*n = 3*t - 35. Let c(d) = -2*d - 25. Let v(z) = -z - 13. Let w(s) = n*c(s) + 7*v(s). List the prime factors of w(9).
2, 3
Suppose 11*p = 6*p + 20. Suppose -13 = -p*v + 227. List the prime factors of v.
2, 3, 5
Let d = 373 + 27. What are the prime factors of d?
2, 5
Suppose 2*k = 4, -5*k + 12 = 4*r - k. Let n(g) = 6*g**2 + 8*g - 8. Let l(h) = -h + 1. Let c(s) = r*n(s) + 8*l(s). What are the prime factors of c(2)?
2, 3
Suppose 4*r = 3*h - 256, -4*h + 2*r + 373 = 3*r. Suppose h = 6*k - 244. What are the prime factors of k?
2, 7
Suppose -4*l + 3*b - 2 = -7, -2*l = -2*b - 4. Let p(c) = 3 + 0 - 4 - 25*c. What are the prime factors of p(l)?
2, 3
Let l(m) = -4*m**3 - 35*m**2 - 23*m - 11. List the prime factors of l(-11).
11
Suppose 0 = 6*u - 56 + 8. Suppose -u*n + 4*n = 0. What are the prime factors of 3 - (-3 - (n + 28))?
2, 17
Let n(b) = b**2 + 20*b + 163. List the prime factors of n(24).
23, 53
Let t be (7 - 8)/(2/(-154)). Let i = t - 47. Suppose i = 5*p - 70. What are the prime factors of p?
2, 5
Suppose 11 = -4*r + 5*n, 0*r - 11 = -5*r - 2*n. Let u be r/2 + 62/(-4). List the prime factors of u/(-6)*(1